17664 = -42786. What is the tens digit of f?
2
Let a = -62 + 64. Let w = -94 + 243. Suppose -5*o = -t - 4*t + 390, a*t + 5*o - w = 0. What is the tens digit of t?
7
Let d be (-2)/(-12) - (-68)/24. Suppose -h + 1400 = d*h. Suppose 4*z = -3*u + 5 + 522, 2*u = -3*z + h. What is the tens digit of u?
8
What is the hundreds digit of 8424/(-26)*(0 + 226/(-4))?
3
Let j = -483 - -485. What is the hundreds digit of ((-492)/9)/(70/36 - j)?
9
Suppose 0 = 16*o - 9*o + 21. Let i be (5/o)/((-15)/36). Suppose -194 = i*r - 754. What is the units digit of r?
0
Suppose 15 = -13*w + 16*w. Suppose -w*t - 12 = -4*o - t, t = -2*o + 6. Suppose -o*k - 7 = -13. What is the units digit of k?
2
Let j(b) = 35*b**2 + 12*b - 18. Let l be j(-6). Suppose -5*x + l = -2810. What is the units digit of x?
6
Let x be ((-27)/(-189))/(2/854). Suppose g + 3*g + 180 = 0. Let j = g + x. What is the tens digit of j?
1
Let g be -15*(-32)/40*19. Let l = 433 + g. What is the hundreds digit of l?
6
Let c(f) = 29*f - 128. Let u(g) = -86*g + 385. Let r(i) = -17*c(i) - 6*u(i). What is the hundreds digit of r(23)?
3
Let k(f) = 58*f - 643. What is the hundreds digit of k(81)?
0
Let o(f) = f**3 + 123*f**2 + 120*f - 507. Let m be o(-122). Let s = 152 - -249. Let y = m + s. What is the hundreds digit of y?
1
Let l(s) = 119*s - 81. Suppose 36 = 16*f - 10*f. What is the hundreds digit of l(f)?
6
Let p = -505 + 496. What is the units digit of (-571)/(-1) - ((8 - 0) + p)?
2
Let f(v) = 1774*v - 218. What is the thousands digit of f(7)?
2
Suppose 54 = 2*f - 108. Let t = f - 36. Suppose -4*h + t = l, 4*l + 0*l - 120 = -4*h. What is the tens digit of l?
2
Let r = 60 + -49. Suppose 7*b - 5*s + 371 = r*b, 3*b + 4*s - 277 = 0. Let h = b - 32. What is the tens digit of h?
6
Suppose -5*b = -9*b - 272. Let n = b + 70. What is the tens digit of 142*(n/(-4) - -1)?
7
Suppose 0*q - 3*f - 3 = q, -q - f = -1. Suppose -2*i = -q*i + 9. Let w(c) = -c**3 + 10*c**2 - 7*c + 10. What is the units digit of w(i)?
8
Let s(w) = w**2 + 22*w - 30. Let l be s(-24). Let b be (-6 - 120/(-18))/((-4)/l). What is the units digit of ((-1)/b - 4/3) + 28?
7
Let z = 46 + -42. Let y(f) = -78*f - 36. Let i be y(-3). Suppose -2*w = -z*v - i, 2*w - 374 = -2*w - 3*v. What is the tens digit of w?
9
Suppose 3*h = 5*d - 7780, -10*h = -2*d - 7*h + 3112. Suppose -5*f = 5*p - 2560, 1028 + d = 5*p - 3*f. What is the hundreds digit of p?
5
Suppose 5573522 = -243*x + 370*x. What is the thousands digit of x?
3
Let c(p) be the third derivative of 5*p**5/4 + 5*p**4/8 - 14*p**3/3 - 11*p**2 + 1. What is the hundreds digit of c(2)?
3
Let t(i) = -i**3 + 31*i**2 + 24*i - 12. What is the tens digit of t(28)?
1
Let j(n) = n**3 + 24*n**2 + 48*n + 43. Let l be j(-22). Let t = l + 364. What is the tens digit of t?
1
Let d be 4/(-40) - (-7542)/20. Suppose 0 = -374*p + d*p - 1455. What is the tens digit of p?
8
Let r(b) = 2 + 11*b**3 - 5*b - 6*b**3 - 13. What is the tens digit of r(5)?
8
Suppose 5*o + 5*c = 180520, 3*c + 17087 = 3*o - 91261. What is the hundreds digit of o?
1
Suppose c + i = -13, -4*i + 12 = -4. Let z(p) = -2*p**3 + 14*p**2 + 7*p - 12. Let d be z(7). Let w = c + d. What is the units digit of w?
0
Let g(q) = 277*q**2 - 13*q - 51. Let r be g(-4). Suppose 2*t = -14*o + 9*o + 5537, 4*o + 5*t - r = 0. What is the units digit of o?
7
Let b(m) = -3*m**3 - 17*m**2 + 20*m + 205. What is the hundreds digit of b(-18)?
8
Let p(g) be the third derivative of -5*g**4/12 - 28*g**3/3 + 19*g**2. Let o be p(-8). What is the tens digit of 4/(o/270) + (-4 - -2)?
4
Let r(p) = 30*p - 8. Let b be r(3). Suppose b + 63 = 5*t. Let l = t + -27. What is the units digit of l?
2
What is the units digit of 237/395 + 81942/5?
9
Suppose -q + 3*v + 23 = -v, -q = v + 2. Suppose -6*x + q*x = -6. Suppose x*z = 7*z - 575. What is the units digit of z?
5
Let d = -16915 + 27122. What is the units digit of d?
7
What is the units digit of 9598 + ((-14)/(-49) - (80/35 - -2))?
4
Suppose -2*m + 4*i - 55932 = -5*m, 4*m - 2*i = 74620. What is the hundreds digit of m?
6
Let m(u) = 8*u**2 - 3*u - 2. Let q be m(-2). Suppose 0 = -31*b + q*b - 100. Suppose 21*k - 222 = b*k. What is the units digit of k?
2
Suppose -284*z = -976986 - 5050062. What is the hundreds digit of z?
2
Suppose -18*z - 6*z = -14112. Let j = z - -50. What is the tens digit of j?
3
What is the units digit of 20690 - (-3 + 5)/(16/(-48))?
6
Suppose o - 125751 = 151*r - 154*r, -5*r + 2*o + 209563 = 0. What is the units digit of r?
5
Suppose 5*m - 2962 = 5088. Let s = m + -1074. What is the hundreds digit of s?
5
Let i(j) = -j + 32. Let z be i(27). Suppose 0 = 6*c + z*c - 121. What is the tens digit of (-8*c + -1)/2*-2?
8
Let h(p) = -408*p - 10362. What is the tens digit of h(-92)?
7
Let p = -30440 + 43994. What is the thousands digit of p?
3
Suppose -129 = 8*h - 11*h. Let m = 52 - h. What is the units digit of 524/(m - 5) - -3?
4
Suppose -5*l + 0*l = -35. Suppose 5 = -u + l. What is the units digit of u/(15/(-21) - -1)?
7
Suppose -190 = -3*j + 8*j + 2*u, 3*u + 123 = -3*j. What is the units digit of j*-1*(-2)/(-3)?
4
Let p(g) = -35*g**2 - 37*g**2 - 5*g - 3 - 5 + 73*g**2. Let y be p(8). Suppose y*b = 18*b - 230. What is the hundreds digit of b?
1
Let u be 6/12*(-766 - 0). Let d = u + 907. What is the units digit of d?
4
Suppose 0 = 121*d - 116*d - 2840. What is the hundreds digit of d?
5
Let i = -2210 - -3335. What is the units digit of i?
5
Let s = -133 + 358. Suppose 0 = -s*w + 218*w + 2457. What is the units digit of w?
1
What is the tens digit of 13 + -1 + (-662220)/(-180)?
9
Let z = 36 - 40. Let x be 0 - (z - (-1 - -1)). Suppose -x = l - 25. What is the units digit of l?
1
Suppose 33*v = 37*v - 396. Let u = 37 + v. Let t = -49 + u. What is the units digit of t?
7
Let g = 5 + -3. Suppose 154*u - 3789 = 9147. Suppose -g*s + s + u = 0. What is the units digit of s?
4
Suppose -187 = -2*x - 31. Let a(t) = -4*t - 80. Let u be a(-11). Let o = x + u. What is the tens digit of o?
4
Let u = -356 + 336. What is the tens digit of (-50)/u*954/5?
7
Suppose 2*q + 4*m = 10758, q - 6474 + 1095 = 3*m. What is the hundreds digit of q?
3
What is the units digit of (6 + (-72)/27)/(5/13245)?
0
Suppose 5*d = 3*f + 161, 18*f = 5*d + 17*f - 167. Suppose -2874 = -2*o - 36*g + d*g, 5*g = o - 1455. What is the tens digit of o?
4
Let h(p) be the second derivative of 7*p**5/120 + 11*p**4/24 + 31*p**3/6 + 14*p. Let w(z) be the second derivative of h(z). What is the tens digit of w(9)?
7
Let r = 122 + -120. Suppose -r*g + 0*g + 590 = -5*k, -4*g + 1228 = 2*k. What is the hundreds digit of g?
3
Suppose -59*q - 199621 - 240251 = -88*q. What is the ten thousands digit of q?
1
What is the hundreds digit of (346/7)/(114/399)?
1
Let q(r) = -r**2 + 10*r - 20. Let i be q(4). What is the units digit of (2 - -46)/i*(-18)/(-4)?
4
Let c(x) = -x**3 + 17*x**2 + 7*x + 5. Let m be c(10). Let q = -544 + m. What is the hundreds digit of q?
2
Let f = 2328 - -6319. What is the units digit of f?
7
Suppose -5*z + 5 = -3*f - 1, 6 = -z + 3*f. Suppose 3*x = 3*h + 5*x - 1882, -z*h + 1876 = -x. What is the tens digit of h?
2
Suppose 4*s = -d - 0*s - 15, 5*s + 50 = 5*d. Suppose 2*o - 1409 = 3*h, -4*o + d*h + 2422 = -393. What is the units digit of o?
0
Let z(g) = -15*g**3 + 6*g**2 + 38*g + 78. What is the thousands digit of z(-9)?
1
Let w(c) = -3*c**2 + 61*c - 14. Let z be w(21). Let f = 677 + z. What is the hundreds digit of f?
6
Let b(i) = 781*i - 60. Let q be b(20). Suppose 36*m - q = 16*m. What is the hundreds digit of m?
7
Suppose 20*u + 1128 - 1028 = 0. Let o = -41 + 22. Let d = u - o. What is the units digit of d?
4
Suppose 0 = 8*g + 2*g - 20. Suppose -g*m - 2*m - 2*d - 1020 = 0, -m + d - 252 = 0. What is the hundreds digit of (m/(-3))/((-4)/(-6) + 0)?
1
Suppose -l = h - 27731, 4*l - 14279 = -2*h + 96661. What is the units digit of l?
9
Suppose 41*j = 25*j + 32. Suppose 0 = p - 2*p + 45. Suppose k + k = -u + 78, -j*u = k - p. What is the units digit of k?
7
What is the tens digit of (-1 - 1)/(224/(-3651312))?
0
Let z = -8843 + 14616. What is the tens digit of z?
7
Let l be 2/3*33/(-44)*-166. Let b = l - -45. What is the tens digit of b?
2
What is the units digit of 315693/(-105)*900/(-54)?
0
Let m(x) = -x**3 + 21*x**2 + 23*x - 17. Let l be m(22). Suppose 262 = h + 3*j, 3*h - l*h + 5